{"id":2092,"date":"2023-01-12T14:42:34","date_gmt":"2023-01-12T14:42:34","guid":{"rendered":"https:\/\/jossois.outweb.pt\/?post_type=product&#038;p=2092"},"modified":"2023-03-24T09:17:10","modified_gmt":"2023-03-24T09:17:10","slug":"guarda-sol-giga-5x5mt","status":"publish","type":"product","link":"https:\/\/www.jossois.com\/de\/produto\/guarda-sol-giga-5x5mt\/","title":{"rendered":"Guarda-sol Giga 5x5m"},"content":{"rendered":"<div class=\"elementor-element elementor-element-2401917 elementor-widget elementor-widget-heading\" data-id=\"2401917\" data-element_type=\"widget\" data-widget_type=\"heading.default\">\n<div class=\"elementor-widget-container\">\n<h3 class=\"elementor-heading-title elementor-size-default\">Gigante e Imponente<\/h3>\n<\/div>\n<\/div>\n<div class=\"elementor-element elementor-element-87fbf4c elementor-widget elementor-widget-text-editor\" data-id=\"87fbf4c\" data-element_type=\"widget\" data-widget_type=\"text-editor.default\">\n<div class=\"elementor-widget-container\">\n<div class=\"elementor-text-editor elementor-clearfix\">\n<p>Um guarda-sol gigante para cobrir grandes espa\u00e7os.<\/p>\n<p>Haste de 120mm em alum\u00ednio com 16 varas que possibilitam uma robustez bastante elevada.<\/p>\n<p>Tem mecanismo de abertura \u00e0 manivela.<\/p>\n<p>A \u00e1rea de cobertura deste guarda-sol \u00e9 enorme podendo ir at\u00e9 49m2 no seu modelo maior.<\/p>\n<div class=\"elementor-element elementor-element-239ecbe elementor-widget elementor-widget-heading\" data-id=\"239ecbe\" data-element_type=\"widget\" data-widget_type=\"heading.default\">\n<div class=\"elementor-widget-container\">\n<h3><\/h3>\n<h3 class=\"elementor-heading-title elementor-size-default\">Adapt\u00e1vel e Personaliz\u00e1vel<\/h3>\n<\/div>\n<\/div>\n<div class=\"elementor-element elementor-element-b9f9b0d elementor-widget elementor-widget-text-editor\" data-id=\"b9f9b0d\" data-element_type=\"widget\" data-widget_type=\"text-editor.default\">\n<div class=\"elementor-widget-container\">\n<div class=\"elementor-text-editor elementor-clearfix\">\n<p>Este chap\u00e9u de sol est\u00e1 dispon\u00edvel no formato quadrado com 5x5mt.<\/p>\n<p>Apesar do tecido do modelo original ser 100% polyester reclado, existe a alternativa de personaliza\u00e7\u00e3o com outro tecido do nosso cat\u00e1logo, nomeadamente um acr\u00edlico ou um tecido retardante de fogo.<\/p>\n<\/div>\n<\/div>\n<\/div>\n<\/div>\n<\/div>\n<\/div>\n","protected":false},"excerpt":{"rendered":"<p>Guarda-sol gigante de abertura \u00e0 manivela e adaptado \u00e0 instala\u00e7\u00e3o de ilumina\u00e7\u00e3o<\/p>\n","protected":false},"featured_media":3768,"comment_status":"open","ping_status":"closed","template":"","meta":[],"product_cat":[26,36],"product_tag":[],"class_list":{"0":"post-2092","1":"product","2":"type-product","3":"status-publish","4":"has-post-thumbnail","6":"product_cat-guarda-sois","7":"product_cat-colecao-premium","9":"first","10":"instock","11":"shipping-taxable","12":"product-type-variable"},"acf":[],"yoast_head":"<!-- This site is optimized with the Yoast SEO plugin v23.0 - https:\/\/yoast.com\/wordpress\/plugins\/seo\/ -->\n<title>Guarda-sol Giga 5x5m - Jossois<\/title>\n<meta name=\"robots\" content=\"index, follow, max-snippet:-1, max-image-preview:large, max-video-preview:-1\" \/>\n<link rel=\"canonical\" href=\"https:\/\/www.jossois.com\/es\/produto\/guarda-sol-giga-5x5mt\/\" \/>\n<meta property=\"og:locale\" content=\"de_DE\" \/>\n<meta property=\"og:type\" content=\"article\" \/>\n<meta property=\"og:title\" content=\"Guarda-sol Giga 5x5m - Jossois\" \/>\n<meta property=\"og:description\" content=\"Guarda-sol gigante de abertura \u00e0 manivela e adaptado \u00e0 instala\u00e7\u00e3o de ilumina\u00e7\u00e3o\" \/>\n<meta property=\"og:url\" content=\"https:\/\/www.jossois.com\/es\/produto\/guarda-sol-giga-5x5mt\/\" \/>\n<meta property=\"og:site_name\" content=\"Jossois\" \/>\n<meta property=\"article:modified_time\" content=\"2023-03-24T09:17:10+00:00\" \/>\n<meta property=\"og:image\" content=\"https:\/\/www.jossois.com\/wp-content\/uploads\/2023\/01\/Gigaa-1.png\" \/>\n\t<meta property=\"og:image:width\" content=\"900\" \/>\n\t<meta property=\"og:image:height\" content=\"900\" \/>\n\t<meta property=\"og:image:type\" content=\"image\/png\" \/>\n<meta name=\"twitter:card\" content=\"summary_large_image\" \/>\n<meta name=\"twitter:label1\" content=\"Gesch\u00e4tzte Lesezeit\" \/>\n\t<meta name=\"twitter:data1\" content=\"1\u00a0Minute\" \/>\n<script type=\"application\/ld+json\" class=\"yoast-schema-graph\">{\"@context\":\"https:\/\/schema.org\",\"@graph\":[{\"@type\":\"WebPage\",\"@id\":\"https:\/\/www.jossois.com\/es\/produto\/guarda-sol-giga-5x5mt\/\",\"url\":\"https:\/\/www.jossois.com\/es\/produto\/guarda-sol-giga-5x5mt\/\",\"name\":\"Guarda-sol Giga 5x5m - Jossois\",\"isPartOf\":{\"@id\":\"https:\/\/www.jossois.com\/#website\"},\"primaryImageOfPage\":{\"@id\":\"https:\/\/www.jossois.com\/es\/produto\/guarda-sol-giga-5x5mt\/#primaryimage\"},\"image\":{\"@id\":\"https:\/\/www.jossois.com\/es\/produto\/guarda-sol-giga-5x5mt\/#primaryimage\"},\"thumbnailUrl\":\"https:\/\/www.jossois.com\/wp-content\/uploads\/2023\/01\/Gigaa-1.png\",\"datePublished\":\"2023-01-12T14:42:34+00:00\",\"dateModified\":\"2023-03-24T09:17:10+00:00\",\"breadcrumb\":{\"@id\":\"https:\/\/www.jossois.com\/es\/produto\/guarda-sol-giga-5x5mt\/#breadcrumb\"},\"inLanguage\":\"de\",\"potentialAction\":[{\"@type\":\"ReadAction\",\"target\":[\"https:\/\/www.jossois.com\/es\/produto\/guarda-sol-giga-5x5mt\/\"]}]},{\"@type\":\"ImageObject\",\"inLanguage\":\"de\",\"@id\":\"https:\/\/www.jossois.com\/es\/produto\/guarda-sol-giga-5x5mt\/#primaryimage\",\"url\":\"https:\/\/www.jossois.com\/wp-content\/uploads\/2023\/01\/Gigaa-1.png\",\"contentUrl\":\"https:\/\/www.jossois.com\/wp-content\/uploads\/2023\/01\/Gigaa-1.png\",\"width\":900,\"height\":900,\"caption\":\"Gigaa\"},{\"@type\":\"BreadcrumbList\",\"@id\":\"https:\/\/www.jossois.com\/es\/produto\/guarda-sol-giga-5x5mt\/#breadcrumb\",\"itemListElement\":[{\"@type\":\"ListItem\",\"position\":1,\"name\":\"In\u00edcio\",\"item\":\"https:\/\/www.jossois.com\/de\/\"},{\"@type\":\"ListItem\",\"position\":2,\"name\":\"Shop\",\"item\":\"https:\/\/www.jossois.com\/de\/shop\/\"},{\"@type\":\"ListItem\",\"position\":3,\"name\":\"Guarda-sol Giga 5x5m\"}]},{\"@type\":\"WebSite\",\"@id\":\"https:\/\/www.jossois.com\/#website\",\"url\":\"https:\/\/www.jossois.com\/\",\"name\":\"Jossois\",\"description\":\"Fabricante de Guarda-S\u00f3is e Guarda-Chuvas\",\"potentialAction\":[{\"@type\":\"SearchAction\",\"target\":{\"@type\":\"EntryPoint\",\"urlTemplate\":\"https:\/\/www.jossois.com\/?s={search_term_string}\"},\"query-input\":\"required name=search_term_string\"}],\"inLanguage\":\"de\"}]}<\/script>\n<!-- \/ Yoast SEO plugin. -->","yoast_head_json":{"title":"Guarda-sol Giga 5x5m - Jossois","robots":{"index":"index","follow":"follow","max-snippet":"max-snippet:-1","max-image-preview":"max-image-preview:large","max-video-preview":"max-video-preview:-1"},"canonical":"https:\/\/www.jossois.com\/es\/produto\/guarda-sol-giga-5x5mt\/","og_locale":"de_DE","og_type":"article","og_title":"Guarda-sol Giga 5x5m - Jossois","og_description":"Guarda-sol gigante de abertura \u00e0 manivela e adaptado \u00e0 instala\u00e7\u00e3o de ilumina\u00e7\u00e3o","og_url":"https:\/\/www.jossois.com\/es\/produto\/guarda-sol-giga-5x5mt\/","og_site_name":"Jossois","article_modified_time":"2023-03-24T09:17:10+00:00","og_image":[{"width":900,"height":900,"url":"https:\/\/www.jossois.com\/wp-content\/uploads\/2023\/01\/Gigaa-1.png","type":"image\/png"}],"twitter_card":"summary_large_image","twitter_misc":{"Gesch\u00e4tzte Lesezeit":"1\u00a0Minute"},"schema":{"@context":"https:\/\/schema.org","@graph":[{"@type":"WebPage","@id":"https:\/\/www.jossois.com\/es\/produto\/guarda-sol-giga-5x5mt\/","url":"https:\/\/www.jossois.com\/es\/produto\/guarda-sol-giga-5x5mt\/","name":"Guarda-sol Giga 5x5m - Jossois","isPartOf":{"@id":"https:\/\/www.jossois.com\/#website"},"primaryImageOfPage":{"@id":"https:\/\/www.jossois.com\/es\/produto\/guarda-sol-giga-5x5mt\/#primaryimage"},"image":{"@id":"https:\/\/www.jossois.com\/es\/produto\/guarda-sol-giga-5x5mt\/#primaryimage"},"thumbnailUrl":"https:\/\/www.jossois.com\/wp-content\/uploads\/2023\/01\/Gigaa-1.png","datePublished":"2023-01-12T14:42:34+00:00","dateModified":"2023-03-24T09:17:10+00:00","breadcrumb":{"@id":"https:\/\/www.jossois.com\/es\/produto\/guarda-sol-giga-5x5mt\/#breadcrumb"},"inLanguage":"de","potentialAction":[{"@type":"ReadAction","target":["https:\/\/www.jossois.com\/es\/produto\/guarda-sol-giga-5x5mt\/"]}]},{"@type":"ImageObject","inLanguage":"de","@id":"https:\/\/www.jossois.com\/es\/produto\/guarda-sol-giga-5x5mt\/#primaryimage","url":"https:\/\/www.jossois.com\/wp-content\/uploads\/2023\/01\/Gigaa-1.png","contentUrl":"https:\/\/www.jossois.com\/wp-content\/uploads\/2023\/01\/Gigaa-1.png","width":900,"height":900,"caption":"Gigaa"},{"@type":"BreadcrumbList","@id":"https:\/\/www.jossois.com\/es\/produto\/guarda-sol-giga-5x5mt\/#breadcrumb","itemListElement":[{"@type":"ListItem","position":1,"name":"In\u00edcio","item":"https:\/\/www.jossois.com\/de\/"},{"@type":"ListItem","position":2,"name":"Shop","item":"https:\/\/www.jossois.com\/de\/shop\/"},{"@type":"ListItem","position":3,"name":"Guarda-sol Giga 5x5m"}]},{"@type":"WebSite","@id":"https:\/\/www.jossois.com\/#website","url":"https:\/\/www.jossois.com\/","name":"Jossois","description":"Fabricante de Guarda-S\u00f3is e Guarda-Chuvas","potentialAction":[{"@type":"SearchAction","target":{"@type":"EntryPoint","urlTemplate":"https:\/\/www.jossois.com\/?s={search_term_string}"},"query-input":"required name=search_term_string"}],"inLanguage":"de"}]}},"_links":{"self":[{"href":"https:\/\/www.jossois.com\/de\/wp-json\/wp\/v2\/product\/2092","targetHints":{"allow":["GET"]}}],"collection":[{"href":"https:\/\/www.jossois.com\/de\/wp-json\/wp\/v2\/product"}],"about":[{"href":"https:\/\/www.jossois.com\/de\/wp-json\/wp\/v2\/types\/product"}],"replies":[{"embeddable":true,"href":"https:\/\/www.jossois.com\/de\/wp-json\/wp\/v2\/comments?post=2092"}],"wp:featuredmedia":[{"embeddable":true,"href":"https:\/\/www.jossois.com\/de\/wp-json\/wp\/v2\/media\/3768"}],"wp:attachment":[{"href":"https:\/\/www.jossois.com\/de\/wp-json\/wp\/v2\/media?parent=2092"}],"wp:term":[{"taxonomy":"product_cat","embeddable":true,"href":"https:\/\/www.jossois.com\/de\/wp-json\/wp\/v2\/product_cat?post=2092"},{"taxonomy":"product_tag","embeddable":true,"href":"https:\/\/www.jossois.com\/de\/wp-json\/wp\/v2\/product_tag?post=2092"}],"curies":[{"name":"wp","href":"https:\/\/api.w.org\/{rel}","templated":true}]}}

<div class="elementor-element elementor-element-2401917 elementor-widget elementor-widget-heading" data-id="2401917" data-element_type="widget" data-widget_type="heading.default">
<div class="elementor-widget-container">
<h3 class="elementor-heading-title elementor-size-default">Gigante e Imponente</h3>
</div>
</div>
<div class="elementor-element elementor-element-87fbf4c elementor-widget elementor-widget-text-editor" data-id="87fbf4c" data-element_type="widget" data-widget_type="text-editor.default">
<div class="elementor-widget-container">
<div class="elementor-text-editor elementor-clearfix">
<p>Um guarda-sol gigante para cobrir grandes espaços.</p>
<p>Haste de 120mm em alumínio com 16 varas que possibilitam uma robustez bastante elevada.</p>
<p>Tem mecanismo de abertura à manivela.</p>
<p>A área de cobertura deste guarda-sol é enorme podendo ir até 49m2 no seu modelo maior.</p>
<div class="elementor-element elementor-element-239ecbe elementor-widget elementor-widget-heading" data-id="239ecbe" data-element_type="widget" data-widget_type="heading.default">
<div class="elementor-widget-container">
<h3></h3>
<h3 class="elementor-heading-title elementor-size-default">Adaptável e Personalizável</h3>
</div>
</div>
<div class="elementor-element elementor-element-b9f9b0d elementor-widget elementor-widget-text-editor" data-id="b9f9b0d" data-element_type="widget" data-widget_type="text-editor.default">
<div class="elementor-widget-container">
<div class="elementor-text-editor elementor-clearfix">
<p>Este chapéu de sol está disponível no formato quadrado com 5x5mt.</p>
<p>Apesar do tecido do modelo original ser 100% polyester reclado, existe a alternativa de personalização com outro tecido do nosso catálogo, nomeadamente um acrílico ou um tecido retardante de fogo.</p>
</div>
</div>
</div>
</div>
</div>
</div>

<p>Guarda-sol gigante de abertura à manivela e adaptado à instalação de iluminação</p>

<!-- This site is optimized with the Yoast SEO plugin v23.0 - https://yoast.com/wordpress/plugins/seo/ -->
<title>Guarda-sol Giga 5x5m - Jossois</title>
<meta name="robots" content="index, follow, max-snippet:-1, max-image-preview:large, max-video-preview:-1" />
<link rel="canonical" href="https://www.jossois.com/es/produto/guarda-sol-giga-5x5mt/" />
<meta property="og:locale" content="de_DE" />
<meta property="og:type" content="article" />
<meta property="og:title" content="Guarda-sol Giga 5x5m - Jossois" />
<meta property="og:description" content="Guarda-sol gigante de abertura à manivela e adaptado à instalação de iluminação" />
<meta property="og:url" content="https://www.jossois.com/es/produto/guarda-sol-giga-5x5mt/" />
<meta property="og:site_name" content="Jossois" />
<meta property="article:modified_time" content="2023-03-24T09:17:10+00:00" />
<meta property="og:image" content="https://www.jossois.com/wp-content/uploads/2023/01/Gigaa-1.png" />
	<meta property="og:image:width" content="900" />
	<meta property="og:image:height" content="900" />
	<meta property="og:image:type" content="image/png" />
<meta name="twitter:card" content="summary_large_image" />
<meta name="twitter:label1" content="Geschätzte Lesezeit" />
	<meta name="twitter:data1" content="1 Minute" />
<script type="application/ld+json" class="yoast-schema-graph">{"@context":"https://schema.org","@graph":[{"@type":"WebPage","@id":"https://www.jossois.com/es/produto/guarda-sol-giga-5x5mt/","url":"https://www.jossois.com/es/produto/guarda-sol-giga-5x5mt/","name":"Guarda-sol Giga 5x5m - Jossois","isPartOf":{"@id":"https://www.jossois.com/#website"},"primaryImageOfPage":{"@id":"https://www.jossois.com/es/produto/guarda-sol-giga-5x5mt/#primaryimage"},"image":{"@id":"https://www.jossois.com/es/produto/guarda-sol-giga-5x5mt/#primaryimage"},"thumbnailUrl":"https://www.jossois.com/wp-content/uploads/2023/01/Gigaa-1.png","datePublished":"2023-01-12T14:42:34+00:00","dateModified":"2023-03-24T09:17:10+00:00","breadcrumb":{"@id":"https://www.jossois.com/es/produto/guarda-sol-giga-5x5mt/#breadcrumb"},"inLanguage":"de","potentialAction":[{"@type":"ReadAction","target":["https://www.jossois.com/es/produto/guarda-sol-giga-5x5mt/"]}]},{"@type":"ImageObject","inLanguage":"de","@id":"https://www.jossois.com/es/produto/guarda-sol-giga-5x5mt/#primaryimage","url":"https://www.jossois.com/wp-content/uploads/2023/01/Gigaa-1.png","contentUrl":"https://www.jossois.com/wp-content/uploads/2023/01/Gigaa-1.png","width":900,"height":900,"caption":"Gigaa"},{"@type":"BreadcrumbList","@id":"https://www.jossois.com/es/produto/guarda-sol-giga-5x5mt/#breadcrumb","itemListElement":[{"@type":"ListItem","position":1,"name":"Início","item":"https://www.jossois.com/de/"},{"@type":"ListItem","position":2,"name":"Shop","item":"https://www.jossois.com/de/shop/"},{"@type":"ListItem","position":3,"name":"Guarda-sol Giga 5x5m"}]},{"@type":"WebSite","@id":"https://www.jossois.com/#website","url":"https://www.jossois.com/","name":"Jossois","description":"Fabricante de Guarda-Sóis e Guarda-Chuvas","potentialAction":[{"@type":"SearchAction","target":{"@type":"EntryPoint","urlTemplate":"https://www.jossois.com/?s={search_term_string}"},"query-input":"required name=search_term_string"}],"inLanguage":"de"}]}</script>
<!-- / Yoast SEO plugin. -->

Guarda-sol gigante de abertura à manivela e adaptado à instalação de iluminação

Início

Fabricante de Guarda-Sóis e Guarda-Chuvas
