{"id":2460,"date":"2023-01-16T10:05:31","date_gmt":"2023-01-16T10:05:31","guid":{"rendered":"https:\/\/jossois.outweb.pt\/?post_type=product&#038;p=2460"},"modified":"2025-04-17T16:21:59","modified_gmt":"2025-04-17T16:21:59","slug":"guarda-sol-rustico","status":"publish","type":"product","link":"https:\/\/www.jossois.com\/fr\/produto\/guarda-sol-rustico\/","title":{"rendered":"Guarda-sol R\u00fastico 1,72m"},"content":{"rendered":"<div class=\"elementor-element elementor-element-2401917 elementor-widget elementor-widget-heading\" data-id=\"2401917\" data-element_type=\"widget\" data-widget_type=\"heading.default\">\n<div class=\"elementor-widget-container\">\n<h3 class=\"elementor-heading-title elementor-size-default\">Relaxante e Tropical<\/h3>\n<\/div>\n<\/div>\n<div class=\"elementor-element elementor-element-87fbf4c elementor-widget elementor-widget-text-editor\" data-id=\"87fbf4c\" data-element_type=\"widget\" data-widget_type=\"text-editor.default\">\n<div class=\"elementor-widget-container\">\n<div class=\"elementor-text-editor elementor-clearfix\">\n<p>O guarda-sol modelo R\u00fastico \u00e9 perfeito para praias e estabelecimentos nas imedia\u00e7\u00f5es.<\/p>\n<p>Excelente para ambientes mais descontra\u00eddos e em modo de relaxamento.<\/p>\n<div class=\"elementor-element elementor-element-239ecbe elementor-widget elementor-widget-heading\" data-id=\"239ecbe\" data-element_type=\"widget\" data-widget_type=\"heading.default\">\n<div class=\"elementor-widget-container\">\n<h3><\/h3>\n<h3 class=\"elementor-heading-title elementor-size-default\">Esparto ou Colmo<\/h3>\n<\/div>\n<\/div>\n<div class=\"elementor-element elementor-element-b9f9b0d elementor-widget elementor-widget-text-editor\" data-id=\"b9f9b0d\" data-element_type=\"widget\" data-widget_type=\"text-editor.default\">\n<div class=\"elementor-widget-container\">\n<div class=\"elementor-text-editor elementor-clearfix\">\n<p>Este chap\u00e9u de sol tem haste em madeira e cobertura redonda em esparto ou colmo. Conta com 10 varas de metal galvanizado com o objetivo de aumentar a sua resist\u00eancia.<br \/>\nHaste de 80mm.<\/p>\n<\/div>\n<\/div>\n<\/div>\n<\/div>\n<\/div>\n<\/div>\n","protected":false},"excerpt":{"rendered":"<p>Guarda-sol tropical com cobertura em esparto<\/p>\n","protected":false},"featured_media":3785,"comment_status":"open","ping_status":"closed","template":"","meta":[],"product_cat":[26,37],"product_tag":[],"class_list":{"0":"post-2460","1":"product","2":"type-product","3":"status-publish","4":"has-post-thumbnail","6":"product_cat-guarda-sois","7":"product_cat-colecao-relax","9":"first","10":"instock","11":"shipping-taxable","12":"product-type-variable"},"acf":[],"yoast_head":"<!-- This site is optimized with the Yoast SEO plugin v23.0 - https:\/\/yoast.com\/wordpress\/plugins\/seo\/ -->\n<title>Guarda-sol R\u00fastico 1,72m - Jossois<\/title>\n<meta name=\"description\" content=\"Bases de guarda-sol resistentes e est\u00e1veis, ideais para uso em jardins, esplanadas e praias e hot\u00e9is. Compat\u00edveis com diversos modelos de guarda-s\u00f3is.\" \/>\n<meta name=\"robots\" content=\"index, follow, max-snippet:-1, max-image-preview:large, max-video-preview:-1\" \/>\n<link rel=\"canonical\" href=\"https:\/\/www.jossois.com\/produto\/guarda-sol-rustico\/\" \/>\n<meta property=\"og:locale\" content=\"fr_FR\" \/>\n<meta property=\"og:type\" content=\"article\" \/>\n<meta property=\"og:title\" content=\"Guarda-sol R\u00fastico 1,72m - Jossois\" \/>\n<meta property=\"og:description\" content=\"Bases de guarda-sol resistentes e est\u00e1veis, ideais para uso em jardins, esplanadas e praias e hot\u00e9is. Compat\u00edveis com diversos modelos de guarda-s\u00f3is.\" \/>\n<meta property=\"og:url\" content=\"https:\/\/www.jossois.com\/produto\/guarda-sol-rustico\/\" \/>\n<meta property=\"og:site_name\" content=\"Jossois\" \/>\n<meta property=\"article:modified_time\" content=\"2025-04-17T16:21:59+00:00\" \/>\n<meta property=\"og:image\" content=\"https:\/\/www.jossois.com\/wp-content\/uploads\/2023\/01\/guarda-sol-Rustico.png\" \/>\n\t<meta property=\"og:image:width\" content=\"900\" \/>\n\t<meta property=\"og:image:height\" content=\"900\" \/>\n\t<meta property=\"og:image:type\" content=\"image\/png\" \/>\n<meta name=\"twitter:card\" content=\"summary_large_image\" \/>\n<meta name=\"twitter:label1\" content=\"Dur\u00e9e de lecture estim\u00e9e\" \/>\n\t<meta name=\"twitter:data1\" content=\"1 minute\" \/>\n<script type=\"application\/ld+json\" class=\"yoast-schema-graph\">{\"@context\":\"https:\/\/schema.org\",\"@graph\":[{\"@type\":\"WebPage\",\"@id\":\"https:\/\/www.jossois.com\/produto\/guarda-sol-rustico\/\",\"url\":\"https:\/\/www.jossois.com\/produto\/guarda-sol-rustico\/\",\"name\":\"Guarda-sol R\u00fastico 1,72m - Jossois\",\"isPartOf\":{\"@id\":\"https:\/\/www.jossois.com\/#website\"},\"primaryImageOfPage\":{\"@id\":\"https:\/\/www.jossois.com\/produto\/guarda-sol-rustico\/#primaryimage\"},\"image\":{\"@id\":\"https:\/\/www.jossois.com\/produto\/guarda-sol-rustico\/#primaryimage\"},\"thumbnailUrl\":\"https:\/\/www.jossois.com\/wp-content\/uploads\/2023\/01\/guarda-sol-Rustico.png\",\"datePublished\":\"2023-01-16T10:05:31+00:00\",\"dateModified\":\"2025-04-17T16:21:59+00:00\",\"description\":\"Bases de guarda-sol resistentes e est\u00e1veis, ideais para uso em jardins, esplanadas e praias e hot\u00e9is. Compat\u00edveis com diversos modelos de guarda-s\u00f3is.\",\"breadcrumb\":{\"@id\":\"https:\/\/www.jossois.com\/produto\/guarda-sol-rustico\/#breadcrumb\"},\"inLanguage\":\"fr-FR\",\"potentialAction\":[{\"@type\":\"ReadAction\",\"target\":[\"https:\/\/www.jossois.com\/produto\/guarda-sol-rustico\/\"]}]},{\"@type\":\"ImageObject\",\"inLanguage\":\"fr-FR\",\"@id\":\"https:\/\/www.jossois.com\/produto\/guarda-sol-rustico\/#primaryimage\",\"url\":\"https:\/\/www.jossois.com\/wp-content\/uploads\/2023\/01\/guarda-sol-Rustico.png\",\"contentUrl\":\"https:\/\/www.jossois.com\/wp-content\/uploads\/2023\/01\/guarda-sol-Rustico.png\",\"width\":900,\"height\":900,\"caption\":\"guarda-sol Rustico\"},{\"@type\":\"BreadcrumbList\",\"@id\":\"https:\/\/www.jossois.com\/produto\/guarda-sol-rustico\/#breadcrumb\",\"itemListElement\":[{\"@type\":\"ListItem\",\"position\":1,\"name\":\"In\u00edcio\",\"item\":\"https:\/\/www.jossois.com\/fr\/\"},{\"@type\":\"ListItem\",\"position\":2,\"name\":\"Boutique\",\"item\":\"https:\/\/www.jossois.com\/fr\/boutique\/\"},{\"@type\":\"ListItem\",\"position\":3,\"name\":\"Guarda-sol R\u00fastico 1,72m\"}]},{\"@type\":\"WebSite\",\"@id\":\"https:\/\/www.jossois.com\/#website\",\"url\":\"https:\/\/www.jossois.com\/\",\"name\":\"Jossois\",\"description\":\"Fabricante de Guarda-S\u00f3is e Guarda-Chuvas\",\"potentialAction\":[{\"@type\":\"SearchAction\",\"target\":{\"@type\":\"EntryPoint\",\"urlTemplate\":\"https:\/\/www.jossois.com\/?s={search_term_string}\"},\"query-input\":\"required name=search_term_string\"}],\"inLanguage\":\"fr-FR\"}]}<\/script>\n<!-- \/ Yoast SEO plugin. -->","yoast_head_json":{"title":"Guarda-sol R\u00fastico 1,72m - Jossois","description":"Bases de guarda-sol resistentes e est\u00e1veis, ideais para uso em jardins, esplanadas e praias e hot\u00e9is. Compat\u00edveis com diversos modelos de guarda-s\u00f3is.","robots":{"index":"index","follow":"follow","max-snippet":"max-snippet:-1","max-image-preview":"max-image-preview:large","max-video-preview":"max-video-preview:-1"},"canonical":"https:\/\/www.jossois.com\/produto\/guarda-sol-rustico\/","og_locale":"fr_FR","og_type":"article","og_title":"Guarda-sol R\u00fastico 1,72m - Jossois","og_description":"Bases de guarda-sol resistentes e est\u00e1veis, ideais para uso em jardins, esplanadas e praias e hot\u00e9is. Compat\u00edveis com diversos modelos de guarda-s\u00f3is.","og_url":"https:\/\/www.jossois.com\/produto\/guarda-sol-rustico\/","og_site_name":"Jossois","article_modified_time":"2025-04-17T16:21:59+00:00","og_image":[{"width":900,"height":900,"url":"https:\/\/www.jossois.com\/wp-content\/uploads\/2023\/01\/guarda-sol-Rustico.png","type":"image\/png"}],"twitter_card":"summary_large_image","twitter_misc":{"Dur\u00e9e de lecture estim\u00e9e":"1 minute"},"schema":{"@context":"https:\/\/schema.org","@graph":[{"@type":"WebPage","@id":"https:\/\/www.jossois.com\/produto\/guarda-sol-rustico\/","url":"https:\/\/www.jossois.com\/produto\/guarda-sol-rustico\/","name":"Guarda-sol R\u00fastico 1,72m - Jossois","isPartOf":{"@id":"https:\/\/www.jossois.com\/#website"},"primaryImageOfPage":{"@id":"https:\/\/www.jossois.com\/produto\/guarda-sol-rustico\/#primaryimage"},"image":{"@id":"https:\/\/www.jossois.com\/produto\/guarda-sol-rustico\/#primaryimage"},"thumbnailUrl":"https:\/\/www.jossois.com\/wp-content\/uploads\/2023\/01\/guarda-sol-Rustico.png","datePublished":"2023-01-16T10:05:31+00:00","dateModified":"2025-04-17T16:21:59+00:00","description":"Bases de guarda-sol resistentes e est\u00e1veis, ideais para uso em jardins, esplanadas e praias e hot\u00e9is. Compat\u00edveis com diversos modelos de guarda-s\u00f3is.","breadcrumb":{"@id":"https:\/\/www.jossois.com\/produto\/guarda-sol-rustico\/#breadcrumb"},"inLanguage":"fr-FR","potentialAction":[{"@type":"ReadAction","target":["https:\/\/www.jossois.com\/produto\/guarda-sol-rustico\/"]}]},{"@type":"ImageObject","inLanguage":"fr-FR","@id":"https:\/\/www.jossois.com\/produto\/guarda-sol-rustico\/#primaryimage","url":"https:\/\/www.jossois.com\/wp-content\/uploads\/2023\/01\/guarda-sol-Rustico.png","contentUrl":"https:\/\/www.jossois.com\/wp-content\/uploads\/2023\/01\/guarda-sol-Rustico.png","width":900,"height":900,"caption":"guarda-sol Rustico"},{"@type":"BreadcrumbList","@id":"https:\/\/www.jossois.com\/produto\/guarda-sol-rustico\/#breadcrumb","itemListElement":[{"@type":"ListItem","position":1,"name":"In\u00edcio","item":"https:\/\/www.jossois.com\/fr\/"},{"@type":"ListItem","position":2,"name":"Boutique","item":"https:\/\/www.jossois.com\/fr\/boutique\/"},{"@type":"ListItem","position":3,"name":"Guarda-sol R\u00fastico 1,72m"}]},{"@type":"WebSite","@id":"https:\/\/www.jossois.com\/#website","url":"https:\/\/www.jossois.com\/","name":"Jossois","description":"Fabricante de Guarda-S\u00f3is e Guarda-Chuvas","potentialAction":[{"@type":"SearchAction","target":{"@type":"EntryPoint","urlTemplate":"https:\/\/www.jossois.com\/?s={search_term_string}"},"query-input":"required name=search_term_string"}],"inLanguage":"fr-FR"}]}},"_links":{"self":[{"href":"https:\/\/www.jossois.com\/fr\/wp-json\/wp\/v2\/product\/2460","targetHints":{"allow":["GET"]}}],"collection":[{"href":"https:\/\/www.jossois.com\/fr\/wp-json\/wp\/v2\/product"}],"about":[{"href":"https:\/\/www.jossois.com\/fr\/wp-json\/wp\/v2\/types\/product"}],"replies":[{"embeddable":true,"href":"https:\/\/www.jossois.com\/fr\/wp-json\/wp\/v2\/comments?post=2460"}],"wp:featuredmedia":[{"embeddable":true,"href":"https:\/\/www.jossois.com\/fr\/wp-json\/wp\/v2\/media\/3785"}],"wp:attachment":[{"href":"https:\/\/www.jossois.com\/fr\/wp-json\/wp\/v2\/media?parent=2460"}],"wp:term":[{"taxonomy":"product_cat","embeddable":true,"href":"https:\/\/www.jossois.com\/fr\/wp-json\/wp\/v2\/product_cat?post=2460"},{"taxonomy":"product_tag","embeddable":true,"href":"https:\/\/www.jossois.com\/fr\/wp-json\/wp\/v2\/product_tag?post=2460"}],"curies":[{"name":"wp","href":"https:\/\/api.w.org\/{rel}","templated":true}]}}

Guarda-sol Rústico 1,72m

<div class="elementor-element elementor-element-2401917 elementor-widget elementor-widget-heading" data-id="2401917" data-element_type="widget" data-widget_type="heading.default">
<div class="elementor-widget-container">
<h3 class="elementor-heading-title elementor-size-default">Relaxante e Tropical</h3>
</div>
</div>
<div class="elementor-element elementor-element-87fbf4c elementor-widget elementor-widget-text-editor" data-id="87fbf4c" data-element_type="widget" data-widget_type="text-editor.default">
<div class="elementor-widget-container">
<div class="elementor-text-editor elementor-clearfix">
<p>O guarda-sol modelo Rústico é perfeito para praias e estabelecimentos nas imediações.</p>
<p>Excelente para ambientes mais descontraídos e em modo de relaxamento.</p>
<div class="elementor-element elementor-element-239ecbe elementor-widget elementor-widget-heading" data-id="239ecbe" data-element_type="widget" data-widget_type="heading.default">
<div class="elementor-widget-container">
<h3></h3>
<h3 class="elementor-heading-title elementor-size-default">Esparto ou Colmo</h3>
</div>
</div>
<div class="elementor-element elementor-element-b9f9b0d elementor-widget elementor-widget-text-editor" data-id="b9f9b0d" data-element_type="widget" data-widget_type="text-editor.default">
<div class="elementor-widget-container">
<div class="elementor-text-editor elementor-clearfix">
<p>Este chapéu de sol tem haste em madeira e cobertura redonda em esparto ou colmo. Conta com 10 varas de metal galvanizado com o objetivo de aumentar a sua resistência.<br />
Haste de 80mm.</p>
</div>
</div>
</div>
</div>
</div>
</div>

<!-- This site is optimized with the Yoast SEO plugin v23.0 - https://yoast.com/wordpress/plugins/seo/ -->
<title>Guarda-sol Rústico 1,72m - Jossois</title>
<meta name="description" content="Bases de guarda-sol resistentes e estáveis, ideais para uso em jardins, esplanadas e praias e hotéis. Compatíveis com diversos modelos de guarda-sóis." />
<meta name="robots" content="index, follow, max-snippet:-1, max-image-preview:large, max-video-preview:-1" />
<link rel="canonical" href="https://www.jossois.com/produto/guarda-sol-rustico/" />
<meta property="og:locale" content="fr_FR" />
<meta property="og:type" content="article" />
<meta property="og:title" content="Guarda-sol Rústico 1,72m - Jossois" />
<meta property="og:description" content="Bases de guarda-sol resistentes e estáveis, ideais para uso em jardins, esplanadas e praias e hotéis. Compatíveis com diversos modelos de guarda-sóis." />
<meta property="og:url" content="https://www.jossois.com/produto/guarda-sol-rustico/" />
<meta property="og:site_name" content="Jossois" />
<meta property="article:modified_time" content="2025-04-17T16:21:59+00:00" />
<meta property="og:image" content="https://www.jossois.com/wp-content/uploads/2023/01/guarda-sol-Rustico.png" />
	<meta property="og:image:width" content="900" />
	<meta property="og:image:height" content="900" />
	<meta property="og:image:type" content="image/png" />
<meta name="twitter:card" content="summary_large_image" />
<meta name="twitter:label1" content="Durée de lecture estimée" />
	<meta name="twitter:data1" content="1 minute" />
<script type="application/ld+json" class="yoast-schema-graph">{"@context":"https://schema.org","@graph":[{"@type":"WebPage","@id":"https://www.jossois.com/produto/guarda-sol-rustico/","url":"https://www.jossois.com/produto/guarda-sol-rustico/","name":"Guarda-sol Rústico 1,72m - Jossois","isPartOf":{"@id":"https://www.jossois.com/#website"},"primaryImageOfPage":{"@id":"https://www.jossois.com/produto/guarda-sol-rustico/#primaryimage"},"image":{"@id":"https://www.jossois.com/produto/guarda-sol-rustico/#primaryimage"},"thumbnailUrl":"https://www.jossois.com/wp-content/uploads/2023/01/guarda-sol-Rustico.png","datePublished":"2023-01-16T10:05:31+00:00","dateModified":"2025-04-17T16:21:59+00:00","description":"Bases de guarda-sol resistentes e estáveis, ideais para uso em jardins, esplanadas e praias e hotéis. Compatíveis com diversos modelos de guarda-sóis.","breadcrumb":{"@id":"https://www.jossois.com/produto/guarda-sol-rustico/#breadcrumb"},"inLanguage":"fr-FR","potentialAction":[{"@type":"ReadAction","target":["https://www.jossois.com/produto/guarda-sol-rustico/"]}]},{"@type":"ImageObject","inLanguage":"fr-FR","@id":"https://www.jossois.com/produto/guarda-sol-rustico/#primaryimage","url":"https://www.jossois.com/wp-content/uploads/2023/01/guarda-sol-Rustico.png","contentUrl":"https://www.jossois.com/wp-content/uploads/2023/01/guarda-sol-Rustico.png","width":900,"height":900,"caption":"guarda-sol Rustico"},{"@type":"BreadcrumbList","@id":"https://www.jossois.com/produto/guarda-sol-rustico/#breadcrumb","itemListElement":[{"@type":"ListItem","position":1,"name":"Início","item":"https://www.jossois.com/fr/"},{"@type":"ListItem","position":2,"name":"Boutique","item":"https://www.jossois.com/fr/boutique/"},{"@type":"ListItem","position":3,"name":"Guarda-sol Rústico 1,72m"}]},{"@type":"WebSite","@id":"https://www.jossois.com/#website","url":"https://www.jossois.com/","name":"Jossois","description":"Fabricante de Guarda-Sóis e Guarda-Chuvas","potentialAction":[{"@type":"SearchAction","target":{"@type":"EntryPoint","urlTemplate":"https://www.jossois.com/?s={search_term_string}"},"query-input":"required name=search_term_string"}],"inLanguage":"fr-FR"}]}</script>
<!-- / Yoast SEO plugin. -->

Guarda-sol Rústico 1,72m - Jossois

Bases de guarda-sol resistentes e estáveis, ideais para uso em jardins, esplanadas e praias e hotéis. Compatíveis com diversos modelos de guarda-sóis.

Início

Fabricante de Guarda-Sóis e Guarda-Chuvas
