{"id":3838,"date":"2023-01-30T13:50:32","date_gmt":"2023-01-30T13:50:32","guid":{"rendered":"https:\/\/jossois.outweb.pt\/?post_type=product&#038;p=3838"},"modified":"2025-04-17T13:49:26","modified_gmt":"2025-04-17T13:49:26","slug":"guarda-sol-metalico-155x155m","status":"publish","type":"product","link":"https:\/\/www.jossois.com\/fr\/produto\/guarda-sol-metalico-155x155m\/","title":{"rendered":"Guarda-sol Met\u00e1lico c\/inclina\u00e7\u00e3o"},"content":{"rendered":"<h3>Descontra\u00eddo e Descomprometido<\/h3>\n<p>A caracter\u00edstica de destaque do guarda-sol modelo Met\u00e1lico \u00e9 o facto de ser absolutamente metam\u00f3rfico. Adapta-se a qualquer situa\u00e7\u00e3o e responde \u00e0s necessidades reais de pessoas reais.<\/p>\n<p>Simples, pr\u00e1tico, com op\u00e7\u00f5es variadas consoante os gostos e as utilidades.<\/p>\n<h3><\/h3>\n<h3>Adapt\u00e1vel e Personaliz\u00e1vel<\/h3>\n<p>Este chap\u00e9u de sol est\u00e1 dispon\u00edvel em 1,55&#215;1,55m e 1,80&#215;1,30m.<br \/>\nApesar do tecido do modelo original ser 100% polyester, existe a alternativa de personaliza\u00e7\u00e3o com outro tecido do nosso cat\u00e1logo.<br \/>\nA possibilidade de inclina\u00e7\u00e3o oferece comodidade e seguran\u00e7a no posicionamento do seu guarda-sol.<\/p>\n","protected":false},"excerpt":{"rendered":"<p>Possibilidade de personaliza\u00e7\u00e3o total<\/p>\n","protected":false},"featured_media":3866,"comment_status":"open","ping_status":"closed","template":"","meta":[],"product_cat":[26,37],"product_tag":[],"class_list":{"0":"post-3838","1":"product","2":"type-product","3":"status-publish","4":"has-post-thumbnail","6":"product_cat-guarda-sois","7":"product_cat-colecao-relax","9":"first","10":"instock","11":"shipping-taxable","12":"product-type-variable"},"acf":[],"yoast_head":"<!-- This site is optimized with the Yoast SEO plugin v23.0 - https:\/\/yoast.com\/wordpress\/plugins\/seo\/ -->\n<title>Guarda-sol Met\u00e1lico c\/inclina\u00e7\u00e3o - Jossois<\/title>\n<meta name=\"description\" content=\"Guarda-sol robusto e profissional, ideal para hot\u00e9is, caf\u00e9s e esplanadas. Alta durabilidade, design elegante e prote\u00e7\u00e3o solar eficaz.\" \/>\n<meta name=\"robots\" content=\"index, follow, max-snippet:-1, max-image-preview:large, max-video-preview:-1\" \/>\n<link rel=\"canonical\" href=\"https:\/\/www.jossois.com\/produto\/guarda-sol-metalico-155x155m\/\" \/>\n<meta property=\"og:locale\" content=\"fr_FR\" \/>\n<meta property=\"og:type\" content=\"article\" \/>\n<meta property=\"og:title\" content=\"Guarda-sol Met\u00e1lico c\/inclina\u00e7\u00e3o - Jossois\" \/>\n<meta property=\"og:description\" content=\"Guarda-sol robusto e profissional, ideal para hot\u00e9is, caf\u00e9s e esplanadas. Alta durabilidade, design elegante e prote\u00e7\u00e3o solar eficaz.\" \/>\n<meta property=\"og:url\" content=\"https:\/\/www.jossois.com\/produto\/guarda-sol-metalico-155x155m\/\" \/>\n<meta property=\"og:site_name\" content=\"Jossois\" \/>\n<meta property=\"article:modified_time\" content=\"2025-04-17T13:49:26+00:00\" \/>\n<meta property=\"og:image\" content=\"https:\/\/www.jossois.com\/wp-content\/uploads\/2023\/01\/02080032_2-1.png\" \/>\n\t<meta property=\"og:image:width\" content=\"900\" \/>\n\t<meta property=\"og:image:height\" content=\"900\" \/>\n\t<meta property=\"og:image:type\" content=\"image\/png\" \/>\n<meta name=\"twitter:card\" content=\"summary_large_image\" \/>\n<meta name=\"twitter:label1\" content=\"Dur\u00e9e de lecture estim\u00e9e\" \/>\n\t<meta name=\"twitter:data1\" content=\"1 minute\" \/>\n<script type=\"application\/ld+json\" class=\"yoast-schema-graph\">{\"@context\":\"https:\/\/schema.org\",\"@graph\":[{\"@type\":\"WebPage\",\"@id\":\"https:\/\/www.jossois.com\/produto\/guarda-sol-metalico-155x155m\/\",\"url\":\"https:\/\/www.jossois.com\/produto\/guarda-sol-metalico-155x155m\/\",\"name\":\"Guarda-sol Met\u00e1lico c\/inclina\u00e7\u00e3o - Jossois\",\"isPartOf\":{\"@id\":\"https:\/\/www.jossois.com\/#website\"},\"primaryImageOfPage\":{\"@id\":\"https:\/\/www.jossois.com\/produto\/guarda-sol-metalico-155x155m\/#primaryimage\"},\"image\":{\"@id\":\"https:\/\/www.jossois.com\/produto\/guarda-sol-metalico-155x155m\/#primaryimage\"},\"thumbnailUrl\":\"https:\/\/www.jossois.com\/wp-content\/uploads\/2023\/01\/02080032_2-1.png\",\"datePublished\":\"2023-01-30T13:50:32+00:00\",\"dateModified\":\"2025-04-17T13:49:26+00:00\",\"description\":\"Guarda-sol robusto e profissional, ideal para hot\u00e9is, caf\u00e9s e esplanadas. Alta durabilidade, design elegante e prote\u00e7\u00e3o solar eficaz.\",\"breadcrumb\":{\"@id\":\"https:\/\/www.jossois.com\/produto\/guarda-sol-metalico-155x155m\/#breadcrumb\"},\"inLanguage\":\"fr-FR\",\"potentialAction\":[{\"@type\":\"ReadAction\",\"target\":[\"https:\/\/www.jossois.com\/produto\/guarda-sol-metalico-155x155m\/\"]}]},{\"@type\":\"ImageObject\",\"inLanguage\":\"fr-FR\",\"@id\":\"https:\/\/www.jossois.com\/produto\/guarda-sol-metalico-155x155m\/#primaryimage\",\"url\":\"https:\/\/www.jossois.com\/wp-content\/uploads\/2023\/01\/02080032_2-1.png\",\"contentUrl\":\"https:\/\/www.jossois.com\/wp-content\/uploads\/2023\/01\/02080032_2-1.png\",\"width\":900,\"height\":900,\"caption\":\"02080032\"},{\"@type\":\"BreadcrumbList\",\"@id\":\"https:\/\/www.jossois.com\/produto\/guarda-sol-metalico-155x155m\/#breadcrumb\",\"itemListElement\":[{\"@type\":\"ListItem\",\"position\":1,\"name\":\"In\u00edcio\",\"item\":\"https:\/\/www.jossois.com\/fr\/\"},{\"@type\":\"ListItem\",\"position\":2,\"name\":\"Boutique\",\"item\":\"https:\/\/www.jossois.com\/fr\/boutique\/\"},{\"@type\":\"ListItem\",\"position\":3,\"name\":\"Guarda-sol Met\u00e1lico c\/inclina\u00e7\u00e3o\"}]},{\"@type\":\"WebSite\",\"@id\":\"https:\/\/www.jossois.com\/#website\",\"url\":\"https:\/\/www.jossois.com\/\",\"name\":\"Jossois\",\"description\":\"Fabricante de Guarda-S\u00f3is e Guarda-Chuvas\",\"potentialAction\":[{\"@type\":\"SearchAction\",\"target\":{\"@type\":\"EntryPoint\",\"urlTemplate\":\"https:\/\/www.jossois.com\/?s={search_term_string}\"},\"query-input\":\"required name=search_term_string\"}],\"inLanguage\":\"fr-FR\"}]}<\/script>\n<!-- \/ Yoast SEO plugin. -->","yoast_head_json":{"title":"Guarda-sol Met\u00e1lico c\/inclina\u00e7\u00e3o - Jossois","description":"Guarda-sol robusto e profissional, ideal para hot\u00e9is, caf\u00e9s e esplanadas. Alta durabilidade, design elegante e prote\u00e7\u00e3o solar eficaz.","robots":{"index":"index","follow":"follow","max-snippet":"max-snippet:-1","max-image-preview":"max-image-preview:large","max-video-preview":"max-video-preview:-1"},"canonical":"https:\/\/www.jossois.com\/produto\/guarda-sol-metalico-155x155m\/","og_locale":"fr_FR","og_type":"article","og_title":"Guarda-sol Met\u00e1lico c\/inclina\u00e7\u00e3o - Jossois","og_description":"Guarda-sol robusto e profissional, ideal para hot\u00e9is, caf\u00e9s e esplanadas. Alta durabilidade, design elegante e prote\u00e7\u00e3o solar eficaz.","og_url":"https:\/\/www.jossois.com\/produto\/guarda-sol-metalico-155x155m\/","og_site_name":"Jossois","article_modified_time":"2025-04-17T13:49:26+00:00","og_image":[{"width":900,"height":900,"url":"https:\/\/www.jossois.com\/wp-content\/uploads\/2023\/01\/02080032_2-1.png","type":"image\/png"}],"twitter_card":"summary_large_image","twitter_misc":{"Dur\u00e9e de lecture estim\u00e9e":"1 minute"},"schema":{"@context":"https:\/\/schema.org","@graph":[{"@type":"WebPage","@id":"https:\/\/www.jossois.com\/produto\/guarda-sol-metalico-155x155m\/","url":"https:\/\/www.jossois.com\/produto\/guarda-sol-metalico-155x155m\/","name":"Guarda-sol Met\u00e1lico c\/inclina\u00e7\u00e3o - Jossois","isPartOf":{"@id":"https:\/\/www.jossois.com\/#website"},"primaryImageOfPage":{"@id":"https:\/\/www.jossois.com\/produto\/guarda-sol-metalico-155x155m\/#primaryimage"},"image":{"@id":"https:\/\/www.jossois.com\/produto\/guarda-sol-metalico-155x155m\/#primaryimage"},"thumbnailUrl":"https:\/\/www.jossois.com\/wp-content\/uploads\/2023\/01\/02080032_2-1.png","datePublished":"2023-01-30T13:50:32+00:00","dateModified":"2025-04-17T13:49:26+00:00","description":"Guarda-sol robusto e profissional, ideal para hot\u00e9is, caf\u00e9s e esplanadas. Alta durabilidade, design elegante e prote\u00e7\u00e3o solar eficaz.","breadcrumb":{"@id":"https:\/\/www.jossois.com\/produto\/guarda-sol-metalico-155x155m\/#breadcrumb"},"inLanguage":"fr-FR","potentialAction":[{"@type":"ReadAction","target":["https:\/\/www.jossois.com\/produto\/guarda-sol-metalico-155x155m\/"]}]},{"@type":"ImageObject","inLanguage":"fr-FR","@id":"https:\/\/www.jossois.com\/produto\/guarda-sol-metalico-155x155m\/#primaryimage","url":"https:\/\/www.jossois.com\/wp-content\/uploads\/2023\/01\/02080032_2-1.png","contentUrl":"https:\/\/www.jossois.com\/wp-content\/uploads\/2023\/01\/02080032_2-1.png","width":900,"height":900,"caption":"02080032"},{"@type":"BreadcrumbList","@id":"https:\/\/www.jossois.com\/produto\/guarda-sol-metalico-155x155m\/#breadcrumb","itemListElement":[{"@type":"ListItem","position":1,"name":"In\u00edcio","item":"https:\/\/www.jossois.com\/fr\/"},{"@type":"ListItem","position":2,"name":"Boutique","item":"https:\/\/www.jossois.com\/fr\/boutique\/"},{"@type":"ListItem","position":3,"name":"Guarda-sol Met\u00e1lico c\/inclina\u00e7\u00e3o"}]},{"@type":"WebSite","@id":"https:\/\/www.jossois.com\/#website","url":"https:\/\/www.jossois.com\/","name":"Jossois","description":"Fabricante de Guarda-S\u00f3is e Guarda-Chuvas","potentialAction":[{"@type":"SearchAction","target":{"@type":"EntryPoint","urlTemplate":"https:\/\/www.jossois.com\/?s={search_term_string}"},"query-input":"required name=search_term_string"}],"inLanguage":"fr-FR"}]}},"_links":{"self":[{"href":"https:\/\/www.jossois.com\/fr\/wp-json\/wp\/v2\/product\/3838","targetHints":{"allow":["GET"]}}],"collection":[{"href":"https:\/\/www.jossois.com\/fr\/wp-json\/wp\/v2\/product"}],"about":[{"href":"https:\/\/www.jossois.com\/fr\/wp-json\/wp\/v2\/types\/product"}],"replies":[{"embeddable":true,"href":"https:\/\/www.jossois.com\/fr\/wp-json\/wp\/v2\/comments?post=3838"}],"wp:featuredmedia":[{"embeddable":true,"href":"https:\/\/www.jossois.com\/fr\/wp-json\/wp\/v2\/media\/3866"}],"wp:attachment":[{"href":"https:\/\/www.jossois.com\/fr\/wp-json\/wp\/v2\/media?parent=3838"}],"wp:term":[{"taxonomy":"product_cat","embeddable":true,"href":"https:\/\/www.jossois.com\/fr\/wp-json\/wp\/v2\/product_cat?post=3838"},{"taxonomy":"product_tag","embeddable":true,"href":"https:\/\/www.jossois.com\/fr\/wp-json\/wp\/v2\/product_tag?post=3838"}],"curies":[{"name":"wp","href":"https:\/\/api.w.org\/{rel}","templated":true}]}}

Guarda-sol Metálico c/inclinação

<h3>Descontraído e Descomprometido</h3>
<p>A característica de destaque do guarda-sol modelo Metálico é o facto de ser absolutamente metamórfico. Adapta-se a qualquer situação e responde às necessidades reais de pessoas reais.</p>
<p>Simples, prático, com opções variadas consoante os gostos e as utilidades.</p>
<h3></h3>
<h3>Adaptável e Personalizável</h3>
<p>Este chapéu de sol está disponível em 1,55&#215;1,55m e 1,80&#215;1,30m.<br />
Apesar do tecido do modelo original ser 100% polyester, existe a alternativa de personalização com outro tecido do nosso catálogo.<br />
A possibilidade de inclinação oferece comodidade e segurança no posicionamento do seu guarda-sol.</p>

<p>Possibilidade de personalização total</p>

<!-- This site is optimized with the Yoast SEO plugin v23.0 - https://yoast.com/wordpress/plugins/seo/ -->
<title>Guarda-sol Metálico c/inclinação - Jossois</title>
<meta name="description" content="Guarda-sol robusto e profissional, ideal para hotéis, cafés e esplanadas. Alta durabilidade, design elegante e proteção solar eficaz." />
<meta name="robots" content="index, follow, max-snippet:-1, max-image-preview:large, max-video-preview:-1" />
<link rel="canonical" href="https://www.jossois.com/produto/guarda-sol-metalico-155x155m/" />
<meta property="og:locale" content="fr_FR" />
<meta property="og:type" content="article" />
<meta property="og:title" content="Guarda-sol Metálico c/inclinação - Jossois" />
<meta property="og:description" content="Guarda-sol robusto e profissional, ideal para hotéis, cafés e esplanadas. Alta durabilidade, design elegante e proteção solar eficaz." />
<meta property="og:url" content="https://www.jossois.com/produto/guarda-sol-metalico-155x155m/" />
<meta property="og:site_name" content="Jossois" />
<meta property="article:modified_time" content="2025-04-17T13:49:26+00:00" />
<meta property="og:image" content="https://www.jossois.com/wp-content/uploads/2023/01/02080032_2-1.png" />
	<meta property="og:image:width" content="900" />
	<meta property="og:image:height" content="900" />
	<meta property="og:image:type" content="image/png" />
<meta name="twitter:card" content="summary_large_image" />
<meta name="twitter:label1" content="Durée de lecture estimée" />
	<meta name="twitter:data1" content="1 minute" />
<script type="application/ld+json" class="yoast-schema-graph">{"@context":"https://schema.org","@graph":[{"@type":"WebPage","@id":"https://www.jossois.com/produto/guarda-sol-metalico-155x155m/","url":"https://www.jossois.com/produto/guarda-sol-metalico-155x155m/","name":"Guarda-sol Metálico c/inclinação - Jossois","isPartOf":{"@id":"https://www.jossois.com/#website"},"primaryImageOfPage":{"@id":"https://www.jossois.com/produto/guarda-sol-metalico-155x155m/#primaryimage"},"image":{"@id":"https://www.jossois.com/produto/guarda-sol-metalico-155x155m/#primaryimage"},"thumbnailUrl":"https://www.jossois.com/wp-content/uploads/2023/01/02080032_2-1.png","datePublished":"2023-01-30T13:50:32+00:00","dateModified":"2025-04-17T13:49:26+00:00","description":"Guarda-sol robusto e profissional, ideal para hotéis, cafés e esplanadas. Alta durabilidade, design elegante e proteção solar eficaz.","breadcrumb":{"@id":"https://www.jossois.com/produto/guarda-sol-metalico-155x155m/#breadcrumb"},"inLanguage":"fr-FR","potentialAction":[{"@type":"ReadAction","target":["https://www.jossois.com/produto/guarda-sol-metalico-155x155m/"]}]},{"@type":"ImageObject","inLanguage":"fr-FR","@id":"https://www.jossois.com/produto/guarda-sol-metalico-155x155m/#primaryimage","url":"https://www.jossois.com/wp-content/uploads/2023/01/02080032_2-1.png","contentUrl":"https://www.jossois.com/wp-content/uploads/2023/01/02080032_2-1.png","width":900,"height":900,"caption":"02080032"},{"@type":"BreadcrumbList","@id":"https://www.jossois.com/produto/guarda-sol-metalico-155x155m/#breadcrumb","itemListElement":[{"@type":"ListItem","position":1,"name":"Início","item":"https://www.jossois.com/fr/"},{"@type":"ListItem","position":2,"name":"Boutique","item":"https://www.jossois.com/fr/boutique/"},{"@type":"ListItem","position":3,"name":"Guarda-sol Metálico c/inclinação"}]},{"@type":"WebSite","@id":"https://www.jossois.com/#website","url":"https://www.jossois.com/","name":"Jossois","description":"Fabricante de Guarda-Sóis e Guarda-Chuvas","potentialAction":[{"@type":"SearchAction","target":{"@type":"EntryPoint","urlTemplate":"https://www.jossois.com/?s={search_term_string}"},"query-input":"required name=search_term_string"}],"inLanguage":"fr-FR"}]}</script>
<!-- / Yoast SEO plugin. -->

Guarda-sol Metálico c/inclinação - Jossois

Guarda-sol robusto e profissional, ideal para hotéis, cafés e esplanadas. Alta durabilidade, design elegante e proteção solar eficaz.

Início

Fabricante de Guarda-Sóis e Guarda-Chuvas
